visor of 99 and 3597.
33
What is the highest common divisor of 98 and 238?
14
What is the greatest common factor of 189 and 63?
63
Calculate the highest common factor of 18 and 549.
9
Calculate the greatest common divisor of 26 and 403.
13
What is the greatest common divisor of 477 and 9?
9
Calculate the greatest common factor of 1692 and 144.
36
Calculate the greatest common divisor of 18174 and 932.
466
Calculate the greatest common divisor of 5819 and 11.
11
What is the greatest common divisor of 304 and 96?
16
What is the greatest common factor of 336 and 3920?
112
Calculate the highest common divisor of 93 and 10292.
31
Calculate the greatest common divisor of 42 and 1456.
14
Calculate the highest common divisor of 88 and 3124.
44
Calculate the greatest common factor of 63 and 4200.
21
What is the greatest common divisor of 162 and 126?
18
What is the greatest common factor of 6 and 674?
2
Calculate the greatest common factor of 5133 and 116.
29
Calculate the highest common factor of 408 and 1122.
102
What is the greatest common factor of 6 and 118?
2
What is the greatest common divisor of 7 and 325?
1
Calculate the highest common factor of 27 and 1728.
27
Calculate the highest common divisor of 904 and 565.
113
What is the highest common divisor of 350 and 938?
14
What is the greatest common divisor of 52 and 1196?
52
Calculate the greatest common factor of 996 and 12.
12
Calculate the greatest common factor of 15366 and 18.
6
Calculate the highest common factor of 980 and 5684.
196
Calculate the highest common divisor of 120 and 90.
30
Calculate the highest common divisor of 658 and 47.
47
Calculate the greatest common factor of 27 and 51.
3
Calculate the highest common factor of 4 and 12.
4
Calculate the greatest common divisor of 54 and 27.
27
Calculate the greatest common factor of 55505 and 85.
85
Calculate the greatest common factor of 33 and 66.
33
What is the highest common factor of 80 and 1040?
80
What is the highest common factor of 18 and 99?
9
Calculate the highest common divisor of 218 and 1853.
109
Calculate the greatest common factor of 1265 and 165.
55
Calculate the greatest common factor of 44 and 8.
4
What is the greatest common divisor of 126 and 14?
14
Calculate the highest common factor of 2 and 49.
1
Calculate the highest common factor of 396 and 1386.
198
What is the greatest common factor of 1166 and 22?
22
Calculate the greatest common divisor of 30 and 190.
10
What is the highest common factor of 21 and 3150?
21
Calculate the greatest common factor of 480 and 105.
15
What is the greatest common divisor of 7 and 3682?
7
Calculate the greatest common factor of 24 and 40.
8
Calculate the highest common factor of 846 and 2162.
94
What is the greatest common divisor of 2672 and 167?
167
What is the greatest common divisor of 232 and 667?
29
Calculate the greatest common divisor of 3156 and 6.
6
What is the greatest common factor of 36 and 63?
9
What is the greatest common factor of 217 and 8680?
217
Calculate the greatest common divisor of 720 and 80.
80
Calculate the highest common divisor of 749 and 963.
107
What is the highest common factor of 8496 and 144?
144
What is the highest common factor of 66 and 297?
33
Calculate the highest common factor of 136 and 2941.
17
Calculate the greatest common factor of 5 and 255.
5
Calculate the highest common factor of 124 and 217.
31
What is the greatest common divisor of 294 and 168?
42
What is the greatest common divisor of 1420 and 10?
10
Calculate the greatest common factor of 119822 and 362.
362
Calculate the greatest common factor of 640 and 28.
4
What is the highest common divisor of 16 and 16?
16
What is the greatest common divisor of 292 and 365?
73
What is the greatest common divisor of 4809 and 63?
21
What is the highest common divisor of 12 and 768?
12
What is the greatest common divisor of 12 and 1024?
4
Calculate the highest common divisor of 69 and 736.
23
Calculate the greatest common divisor of 17 and 1054.
17
Calculate the highest common divisor of 44 and 187.
11
Calculate the highest common divisor of 851 and 259.
37
What is the greatest common factor of 303 and 52823?
101
Calculate the highest common divisor of 10 and 1555.
5
Calculate the greatest common factor of 68 and 697.
17
What is the highest common factor of 5549 and 537?
179
Calculate the highest common divisor of 18 and 72.
18
What is the greatest common divisor of 193 and 2509?
193
Calculate the highest common factor of 15 and 25.
5
What is the greatest common divisor of 32 and 232?
8
Calculate the greatest common divisor of 286 and 4.
2
What is the greatest common divisor of 133353 and 27?
27
What is the highest common divisor of 15 and 240?
15
What is the greatest common divisor of 297 and 324?
27
What is the highest common factor of 296 and 4?
4
Calculate the highest common divisor of 120 and 760.
40
What is the highest common divisor of 43964 and 116?
116
What is the highest common factor of 60 and 300?
60
Calculate the highest common divisor of 49 and 77.
7
Calculate the highest common divisor of 80 and 48.
16
What is the greatest common factor of 999 and 37?
37
Calculate the greatest common factor of 25 and 1475.
25
Calculate the highest common divisor of 322 and 138.
46
Calculate the highest common factor of 595 and 105.
35
What is the highest common factor of 1212 and 12?
12
Calculate the highest common divisor of 975 and 50.
25
Calculate the highest common divisor of 48 and 848.
16
Calculate the highest common factor of 276 and 564.
12
What is the highest common divisor of 72 and 549?
9
What is the greatest common factor of 65 and 13?
13
What is the greatest common factor of 8 and 37?
1
What is the greatest common factor of 198 and 18?
18
What is the greatest common factor of 616 and 264?
88
What is the greatest common factor of 39 and 1209?
39
Calculate the greatest common divisor of 27 and 1.
1
What is the greatest common divisor of 282 and 3149?
47
What is the highest common factor of 207 and 4623?
69
What is the greatest common factor of 279 and 62?
31
Calculate the greatest common divisor of 8860 and 60.
20
What is the highest common divisor of 4 and 721?
1
What is the greatest common divisor of 603 and 261?
9
Calculate the greatest common factor of 2262 and 522.
174
Calculate the greatest common factor of 27 and 10.
1
Calculate the greatest common factor of 33 and 11671.
11
What is the highest common divisor of 15 and 1185?
15
What is the highest common factor of 14 and 217?
7
What is the greatest common divisor of 1246 and 2136?
178
What is the highest common factor of 338 and 572?
26
Calculate the highest common factor of 4069 and 39.
13
What is the greatest common factor of 111 and 4921?
37
Calculate the greatest common divisor of 11 and 10351.
11
What is the greatest common factor of 3376 and 16?
16
What is the highest common divisor of 347 and 67318?
347
What is the greatest common factor of 53 and 1?
1
Calculate the greatest common factor of 22 and 11.
11
What is the highest common factor of 66 and 2742?
6
What is the greatest common factor of 161 and 11569?
23
Calculate the greatest common divisor of 351 and 27.
27
Calculate the highest common factor of 55 and 935.
55
What is the greatest common factor of 2 and 59?
1
Calculate the highest common factor of 19629 and 27.
27
What is the highest common divisor of 1863 and 23?
23
Calculate the greatest common factor of 4737 and 3.
3
What is the highest common divisor of 65615 and 55?
55
Calculate the greatest common factor of 680 and 200.
40
Calculate the highest common factor of 54 and 81.
27
What is the highest common divisor of 574 and 14?
14
What is the highest common factor of 186 and 6603?
93
What is the highest common factor of 250 and 150?
50
What is the highest common divisor of 2301 and 624?
39
What is the greatest common factor of 333 and 962?
37
Calculate the highest common factor of 36 and 24.
12
Calculate the highest common factor of 1630 and 10.
10
What is the highest common factor of 1605 and 375?
15
Calculate the highest common divisor of 1815 and 15.
15
Calculate the highest common divisor of 72 and 68832.
72
Calculate the greatest common divisor of 215 and 2795.
215
What is the highest common factor of 